 What is a(p)?
5
Let d(r) = r**2 + 10*r + 11. Let w be d(-10). Suppose 15*q + 20 = w*q. Let o(x) = -x**3 - 3*x**2 + 6*x - 6. Determine o(q).
14
Suppose -2*u + 5*u + 5*s = 9, 0 = 5*u + 3*s + 1. Let m = -2 + 4. Let w(q) = 10*q**2 - 1 + 14*q**2 - 23*q**m + 4*q + 3. What is w(u)?
-2
Let j(a) = -2*a**2 - 12 + 12*a + 7*a - 16*a + 9*a + 0*a. Let c(m) = -m**2 + 6*m - 6. Let b(p) = 11*c(p) - 6*j(p). Determine b(4).
-2
Let t(k) = -6*k + 4. Let l be -126*(-1 + 69/6). Let b be 1/5*-1 + l/(-315). Determine t(b).
-20
Let q(v) = -v - 12. Suppose 2*z + 3*i = 34, 103 = 3*z + 2*z + 3*i. Suppose -p = 4*j + 30, 3*p + 2*j + 27 + z = 0. What is q(p)?
2
Let x(c) = 11 + 1101*c - 8 - 1107*c. Let t = 106 + -100. Calculate x(t).
-33
Let u(r) = 42 + 39 + 104 - 113 - 110*r + 104*r. What is u(16)?
-24
Let u(f) be the third derivative of f**6/60 + f**5/60 + f**4/24 - f**3/3 + 26*f**2 - 1. Let h = -17 - -15. Calculate u(h).
-16
Let n(t) = -t**3 + 2*t**2 + 3*t + 1. Let v be n(3). Suppose m + b = 5*b - 18, -b = -2*m - v. Let d(o) = 13*o + 0*o**m + o**3 + 5 - 20*o - 4*o**2. What is d(5)?
-5
Let l(j) = -3*j + 2. Let d be 18/27*3/(-2). Let i be l(d). Suppose 5*p - 24 = p + 4*z, 3*p = i*z + 16. Let o(r) = -r + 8. What is o(p)?
1
Suppose -2*t + 3*o = 7, -4*o - 4 = 4*t - 0*o. Let p be (-3)/(-3) + t + (-9)/(-3). Let x(b) = -8*b + 3. Calculate x(p).
-13
Let o(l) be the first derivative of l**7/840 - l**6/180 - l**5/120 - 7*l**4/24 + l**3/3 + 47*l + 103. Let d(s) be the third derivative of o(s). What is d(3)?
-1
Let g(p) = 8*p**2 + 25*p - 74. Let s(c) = 6*c**2 + 23*c - 44. Let m(u) = -2*g(u) + 3*s(u). Give m(-8).
-8
Let a = -12281 + 12286. Let g(r) = r**3 - 4*r**2 - 40*r + 170. Give g(a).
-5
Let a(i) = -203740*i - 10*i**2 + i**3 + 203776*i + 8 + 30*i**2. Give a(-18).
8
Let f(b) = 6*b**2 - 64*b + 154. Let r be f(4). Let l(m) be the first derivative of 3*m**2/2 + 13*m - 1. Calculate l(r).
-5
Let w(t) = -34*t**2 + 7 - 20*t**2 + 36*t**2 + 12*t + 21*t**2. Calculate w(-5).
22
Let y(x) = -x**3 + x**2 - 2*x + 3. Let d = -39 + 41. Let m be y(d). Let s(u) = u - 1. Let q(w) = 19*w - 6. Let v(g) = m*s(g) + q(g). Determine v(1).
13
Let f(c) = 21*c - 242. Let t(s) = -83*s + 963. Let w(h) = -9*f(h) - 2*t(h). Calculate w(11).
-1
Let f(p) = -p**2 - 5*p + 28. Let y be f(-8). Let c(l) = 2. Let j(u) = 2*u + 17. Let q(s) = y*c(s) - j(s). Give q(-8).
7
Let i(k) = 3*k - 3. Let g = -391 - -379. What is i(g)?
-39
Let y = 15 - 2. Suppose -3*l = -4*c + 17, l - 3*c + y = 2*c. Let h(a) = -2*a**2 - 2*a - 2. Determine h(l).
-14
Let f be 2 + (-30)/14 + (-32)/(-28). Let s(y) = -3*y**2 - 13*y - 5. Let t(k) = -k**2 - 2*k. Let m(o) = f*s(o) - 4*t(o). Calculate m(6).
1
Let z(j) = 6*j + 2*j - j - 9*j + 3. Let n = 1 + -7. Let t = n - -1. What is z(t)?
13
Let w(n) = 3*n - 1. Let d(x) = -x**3 - 5*x**2 + 3*x + 8. Let p be d(-6). Let k be 8/(-52) - (-4)/p. Suppose -2*u - 1 = -3*i - 3, k = -4*i + 2*u. What is w(i)?
5
Let s(i) = -i**3 - 2*i**2 + 9*i - 2. Let b be s(2). Suppose b = -12*x + 21 + 27. Let a(q) = -4*q + 6. Give a(x).
-10
Suppose -v - 17 = -4*n, 9*n - 4*v - 28 - 12 = 0. Let x(j) = 5*j - 3 - 3 - 2*j**2 + 4. Calculate x(n).
-14
Let k(d) be the second derivative of 3*d**5/20 - 19*d**4/6 - 7*d**3/3 + 8*d**2 + 24*d - 2. Determine k(13).
3
Let j(b) = -b - 4. Let h = 3 - -5. Let v be (0 - 4) + (h - 0). Suppose -5*o = v + 11. Calculate j(o).
-1
Let v(y) = y + 3. Let q(o) = o**2 - 65. Let h be q(8). Let p be (-16)/((-2)/h) - (-4 + -2). Calculate v(p).
1
Let s(y) = -2*y + y - 2*y + 33*y + 7 - 25*y. Calculate s(-3).
-8
Let d(m) = -m. Let w(t) be the first derivative of t**4/2 - 5*t**3/6 + 6*t**2 - 18. Let b(j) be the second derivative of w(j). Let i be b(1). Calculate d(i).
-7
Let d(m) be the second derivative of 185*m - 1/6*m**3 + 0 + 5/2*m**2. Let z = 7 + -11. Determine d(z).
9
Suppose 498 = -50*m + 198. Let c(j) = j**3 + 3*j**2 - 6*j + 15. Determine c(m).
-57
Let m be (3 - (-81)/63) + (-2)/7. Let d(y) = y + 1. Let w(j) be the third derivative of 5*j**4/24 - 4*j**2. Let z(b) = -4*d(b) + 2*w(b). What is z(m)?
20
Let c(b) = b - 7. Let i be c(2). Let f(o) = -8*o**2 + 57*o - 2. Let d be f(7). Let h(z) = 2 + d - 14 + 5 - 4*z. Calculate h(i).
18
Let y = 380 - 372. Let x(o) = -2 - 2 - 8 + y + 2 + o. What is x(-4)?
-6
Suppose 0 = 2*r - 2*u - 6, -5*u + 9 = 4*r - r. Suppose -r*q - 3*q = -48. Let w(p) = 0 - 6 + 7 - p - q*p**2. What is w(1)?
-8
Let u(p) be the first derivative of 5*p**2/2 - 76*p - 1841. Calculate u(14).
-6
Let a(n) = -24*n**2 - 224*n + 189. Let z be a(-10). Let m(g) be the first derivative of -z - 5/2*g**2 - g. Determine m(-3).
14
Let g be ((-4)/8*1)/((-2)/12). Suppose s = 5*t - 6*t + 13, -g*t = -4*s - 18. Let q(y) = y**3 - 9*y**2 - 9*y - 8. Give q(t).
2
Let f(n) be the second derivative of n**5/20 - 5*n**4/12 + 7*n**3/6 - 5*n**2/2 + 31*n. Suppose 0 = -4*u + 2*u + 50. Suppose -u*p + 37*p = 48. Determine f(p).
7
Let d(t) = 5*t - 9. Let j(p) = 5*p - 7. Let k(r) = 2*d(r) - 3*j(r). Calculate k(4).
-17
Suppose -41 + 223 = -13*h. Let z(m) = 3*m + 12. Let x(r) = -16*r - 59. Let s(g) = -2*x(g) - 11*z(g). Determine s(h).
0
Let n = -391 + 700. Let g = 306 - n. Let q(u) = -u**2 - 7*u - 16. Determine q(g).
-4
Let t = -981 + 981. Let b(n) = 5*n**2 - 6. What is b(t)?
-6
Suppose -4*z - 32 = -8*z. Let j(x) = -4896*x - 1 + 5 - x**3 - 10 + 4895*x + 8*x**2. Determine j(z).
-14
Let m(b) be the first derivative of -3*b - 4*b**2 + 183 - 1/4*b**4 - 7/3*b**3. Let g = -11 + 5. Determine m(g).
9
Let o(i) = -9*i. Suppose 0 = 5*n - b - 13, -3*b + 7*b - 11 = -n. Suppose n*z - 5*m = 18, -6 = 4*z - 5*z + 3*m. Suppose 2 = -4*s + z. Give o(s).
-9
Let w(h) = 6*h**3 + 15*h**2 - 42*h + 15. Let c(z) = -5*z**3 - 14*z**2 + 38*z - 12. Let y(p) = -7*c(p) - 6*w(p). What is y(4)?
2
Let q(w) = -5735*w - 5743*w - 5741*w - 11 + 17228*w + w**2. Let m = -2 + -6. Determine q(m).
-19
Let i(n) = 3*n - 24*n**3 - 8 + 101*n**3 + 4*n**2 - 37*n**3 - 43*n**3. Calculate i(3).
-44
Suppose 233564 = -352*b + 6876. Suppose 13 - 4 = 3*c. Let g be b/(-84) + 1/c. Let y(p) = p - 15. Determine y(g).
-7
Let i(p) = 216 + 9*p + 3*p**2 - 35 - 175. Calculate i(-3).
6
Let r = -21312 + 21301. Let h(c) = -14*c - 165. Determine h(r).
-11
Let t be ((-195)/5)/(-1) - 0. Let n = t - 26. Suppose f + y = 6*f - 7, y - n = -5*f. Let j(d) = 2*d**3 - 3*d**2 + 3*d - 2. Determine j(f).
8
Let c(g) = -g**3 - 12*g**2 + 9*g - 34. Let n be c(-13). Let y(m) = n - m - 32 + 7. Give y(-5).
-2
Let g(h) = 6*h - 17*h + 9*h - 3 + h + 6*h. Let s be (5 + -4)/((-1)/3). What is g(s)?
-18
Let t be -3*(-10 - -9)*(8 - 2). Let p(o) = -o + 23. Calculate p(t).
5
Let o(y) = 2*y**3 - 2*y**2 - 12*y - 5. Let u be 7 + (-45)/75*15. Determine o(u).
-5
Let t(m) = m**2 + m - 18. Suppose -3*n + 114 = -4*z + 129, 0 = -5*z - 2*n + 36. What is t(z)?
24
Let s(z) = 3776*z - 20*z**2 - 17*z**2 - 3780*z + 32*z**2 + 2*z**3. Give s(3).
-3
Let d(l) = l - 5. Let y(g) = -g + 15. Let h be y(8). Let n be d(h). Let b(x) = 3*x**2 - x**3 - 5 + x**n - 5*x**2. Calculate b(0).
-5
Let m(r) = -3*r**2 - 6*r. Let h be m(-2). Suppose h = -32*i + 25*i. Let f(d) = d**3 + d + 3. Determine f(i).
3
Let b(o) be the third derivative of -o**5/60 + o**4/2 + 2*o**3/3 + 62*o**2 + 7*o. Determine b(6).
40
Let z(q) = 21*q - 27. Let v(l) = 18*l - 27. Let a(j) = -6*v(j) + 5*z(j). Let i = 645 - 634. Give a(i).
-6
Let d(j) = j**2 - 7*j + 3. Suppose -280 = 14*c - 19*c. Suppose -109*g = -117*g + c. Determine d(g).
3
Let u(z) = -2*z**3 - z**2 + 2*z - 20. Let h(c) = -10*c**3 + 10*c**2 - 12*c + 84. Let b(q) = h(q) + 4*u(q). Calculate b(2).
-124
Let h be (-228)/(-21)*70/20. Let r be (16/6)/(h/57). Let z(x) = 11 - 3*x**3 + 11*x**2 + r*x**3 - 20 + 4*x + 5*x. Give z(-10).
1
Suppose -184*l = -188*l - 104. Let h be 6/(-8) + l/8. Let s(d) = -6*d + 1. What is s(h)?
25
Let c(d) be the first derivative of -7*d**2 - 87*d + 9. Let r be c(-7). Suppose 5*m = r*m. Let z(i) = -i - 19. Calculate z(m).
-19
Let w(q) = 12*q**3 - 2*q + 1. Let k be ((-24)/(-10))/(74/185). Suppose 36 = -k*g + 42. What is w(g)?
11
Let h(p) be the second derivative of -p**3/6 + 37*p**2/2 + 2349*p. Determine h(12).
25
Let x(f) = -f**3 + f**2 - 4*f + 1. Let w(j) = -3*j**3 - 8*j**2 - 6*j + 16. Let u(s) = -w(s) + 2*x(s). Calculate u(-10).
6
Let a be 6 + (3 - (-2)/(96/(-15) - -6)). Let i(w) = -w**2 + 22. Calculate i(a).
6
Let x(u)